tor of 1343409?
False
Is 305184 a multiple of 578?
True
Is 10349682 a multiple of 749?
True
Is 68 a factor of 363936?
True
Does 9 divide 354173?
False
Does 195 divide 532545?
True
Is 129 a factor of 49923?
True
Is 27 a factor of 3773281?
False
Is 608 a factor of 1928576?
True
Is 256 a factor of 687104?
True
Does 276 divide 2801047?
False
Is 133 a factor of 157020?
False
Does 30 divide 181440?
True
Does 14 divide 7730?
False
Is 721524 a multiple of 101?
False
Is 220 a factor of 1714240?
True
Is 218303 a multiple of 199?
True
Is 1227 a factor of 2217709?
False
Is 5 a factor of 1863246?
False
Does 126 divide 371120?
False
Is 37 a factor of 2214730?
False
Is 1650312 a multiple of 129?
False
Is 143 a factor of 839410?
True
Is 138375 a multiple of 225?
True
Does 4 divide 3401873?
False
Is 19 a factor of 3956294?
True
Is 19798 a multiple of 7?
False
Is 1498720 a multiple of 232?
True
Is 20 a factor of 65040?
True
Does 319 divide 1448378?
False
Is 906984 a multiple of 228?
True
Is 14 a factor of 4531286?
False
Is 142 a factor of 70641?
False
Does 40 divide 59400?
True
Is 61 a factor of 738493?
False
Does 49 divide 728924?
True
Is 77 a factor of 258027?
True
Is 312270 a multiple of 36?
False
Does 2 divide 170875?
False
Is 10026 a multiple of 676?
False
Is 191760 a multiple of 48?
True
Does 184 divide 572056?
True
Is 143577 a multiple of 9?
True
Is 27 a factor of 79525?
False
Does 27 divide 1194804?
True
Does 3 divide 847126?
False
Does 116 divide 41755?
False
Is 770013 a multiple of 79?
True
Is 57743 a multiple of 5?
False
Is 15461238 a multiple of 78?
True
Is 837405 a multiple of 50?
False
Is 31 a factor of 253301?
True
Is 26 a factor of 228618?
True
Does 2 divide 81635?
False
Is 10 a factor of 8990611?
False
Is 643112 a multiple of 76?
True
Is 286 a factor of 891176?
True
Is 3593062 a multiple of 410?
False
Is 394286 a multiple of 25?
False
Is 229515 a multiple of 33?
True
Is 13065598 a multiple of 13?
True
Is 61 a factor of 148564?
False
Is 212 a factor of 4760120?
False
Is 3697010 a multiple of 26?
False
Does 50 divide 161552?
False
Does 194 divide 494635?
False
Does 4 divide 25212?
True
Is 143 a factor of 3296579?
True
Is 543 a factor of 429690?
False
Is 26 a factor of 291460?
True
Is 206 a factor of 55826?
True
Is 459 a factor of 691817?
False
Does 202 divide 141569?
False
Is 124 a factor of 72266?
False
Is 328680 a multiple of 55?
True
Is 2 a factor of 31760?
True
Is 211 a factor of 116261?
True
Does 170 divide 13689985?
False
Is 143985 a multiple of 6?
False
Is 101 a factor of 76155?
False
Does 210 divide 3449318?
False
Is 70 a factor of 2054920?
True
Is 661140 a multiple of 20?
True
Does 45 divide 58995?
True
Is 79320 a multiple of 60?
True
Does 15 divide 364028?
False
Is 49 a factor of 20874?
True
Is 4018680 a multiple of 244?
True
Is 1739 a multiple of 202?
False
Is 2349256 a multiple of 56?
True
Is 17 a factor of 995214?
True
Is 55504 a multiple of 25?
False
Is 849 a factor of 515343?
True
Is 57803 a multiple of 14?
False
Is 32 a factor of 2026720?
True
Is 368 a factor of 167440?
True
Does 134 divide 1231192?
True
Is 188544 a multiple of 101?
False
Does 174 divide 1141440?
True
Does 18 divide 2807944?
False
Is 27 a factor of 887198?
False
Does 170 divide 2782730?
True
Does 9 divide 9207?
True
Is 7 a factor of 240618?
True
Is 36 a factor of 7189562?
False
Does 19 divide 7084326?
False
Does 55 divide 293755?
True
Is 2065 a factor of 1162595?
True
Is 12 a factor of 24511660?
False
Is 16728 a multiple of 17?
True
Is 233 a factor of 29397?
False
Is 491901 a multiple of 5?
False
Is 44 a factor of 2806496?
True
Does 46 divide 2056133?
False
Does 1035 divide 2087554?
False
Is 47 a factor of 29790?
False
Does 228 divide 6118836?
True
Is 162643 a multiple of 116?
False
Is 417382 a multiple of 185?
False
Is 49 a factor of 99176?
True
Is 55 a factor of 461450?
True
Is 57591 a multiple of 164?
False
Is 27 a factor of 592434?
True
Is 31 a factor of 5527232?
False
Does 88 divide 13728?
True
Is 1170 a factor of 664560?
True
Is 716 a factor of 5627760?
True
Does 129 divide 1036063?
False
Is 7047 a multiple of 254?
False
Does 12 divide 1128984?
True
Is 30712 a multiple of 22?
True
Does 6 divide 27594?
True
Does 74 divide 900972?
False
Does 41 divide 687529?
True
Is 3 a factor of 205648?
False
Does 28 divide 1358514?
False
Is 1634876 a multiple of 14?
False
Does 51 divide 33469158?
True
Is 30 a factor of 775169?
False
Is 145 a factor of 2111925?
True
Is 303 a factor of 126616?
False
Is 9449264 a multiple of 106?
True
Is 144 a factor of 46248?
False
Does 30 divide 327331?
False
Does 32 divide 638848?
True
Is 185780 a multiple of 10?
True
Is 921951 a multiple of 1151?
True
Is 696 a factor of 1962024?
True
Does 672 divide 65168?
False
Is 12556881 a multiple of 1031?
False
Is 12 a factor of 1235583?
False
Does 343 divide 8931377?
True
Does 96 divide 12940?
False
Does 222 divide 1990845?
False
Is 658 a factor of 12191424?
True
Is 873 a factor of 3093917?
False
Is 120 a factor of 245760?
True
Is 65 a factor of 177255?
True
Is 9429 a multiple of 7?
True
Is 16 a factor of 4963721?
False
Is 917547 a multiple of 544?
False
Does 12 divide 7100345?
False
Does 48 divide 454848?
True
Is 2095 a factor of 26496039?
False
Is 5 a factor of 72518?
False
Is 5391299 a multiple of 201?
False
Is 7 a factor of 701015?
True
Is 1914840 a multiple of 648?
True
Does 195 divide 10360935?
True
Is 12 a factor of 1119169?
False
Is 24888 a multiple of 6?
True
Is 15450 a multiple of 309?
True
Does 99 divide 297714?
False
Is 5 a factor of 1274947?
False
Is 80223 a multiple of 39?
True
Is 610882 a multiple of 44?
False
Is 11 a factor of 94776?
True
Is 3541276 a multiple of 31?
False
Does 1320 divide 7597920?
True
Is 162761 a multiple of 53?
False
Does 96 divide 17550837?
False
Is 225 a factor of 423000?
True
Is 5361897 a multiple of 125?
False
Is 18 a factor of 46242?
True
Is 38 a factor of 108104?
False
Is 241 a factor of 3785146?
True
Is 198978 a multiple of 39?
True
Is 37 a factor of 681550?
False
Does 76 divide 226404?
True
Does 16 divide 3551072?
True
Is 1158014 a multiple of 13?
True
Is 10601007 a multiple of 53?
True
Is 305607 a multiple of 17?
False
Is 28 a factor of 12422392?
False
Does 34 divide 24476?
False
Is 142878 a multiple of 162?
False
Does 19 divide 27445?
False
Is 218 a factor of 72158?
True
Is 14560 a multiple of 40?
True
Is 27 a factor of 223178?
False
Is 13 a factor of 2386219?
False
Does 10 divide 154060?
True
Is 35453 a multiple of 45?
False
Does 68 divide 252620?
True
Is 5601404 a multiple of 178?
False
Is 180 a factor of 2038500?
True
Does 6 divide 547296?
True
Does 126 divide 843444?
True
Is 20 a factor of 994090?
False
Does 8 divide 2196656?
True
Does 341 divide 201872?
True
Is 34 a factor of 121122?
False
Is 520128 a multiple of 126?
True
Does 124 divide 624318?
False
Is 311305 a multiple of 115?
True
Is 651966 a multiple of 16?
False
Does 12 divide 484373?
False
Is 4513030 a multiple of 328?
False
Is 75 a factor of 1560682?
False
Does 88 divide 9196880?
True
Is 157340 a multiple of 2?
True
Is 8300079 a multiple of 303?
True
Is 153 a factor of 817020?
True
Is 6089112 a multiple of 36?
True
Is 69 a factor of 24633?
True
Does 11 divide 837399?
False
Does 13 divide 305703?
False
Is 10958 a multiple of 16?
False
Is 11170025 a multiple of 1613?
True
Is 234464 a multiple of 32?
True
Is 1017488 a multiple of 33?
False
Is 2162560 a multiple of 545?
True
Does 101 divide 9702287?
False
Is 23235 a multiple of 5?
True
Is 2379904 a multiple of 862?
False
Is 2332918 a multiple of 497?
True
Does 371 divide 735859?
False
Does 44 divide 34237?
False
Is 9 a factor of 1299987?
True
Is 213 a factor of 1073874?
False
Is 48846 a multiple of 42?
True
Is 83 a factor of 1291973?
False
Is 13 a factor of 692471?
True
Does 8 divide 203420?
False
Is 7410438 a multiple of 309?
True
Is 501654 a multiple of 12?
False
Does 12 divide 5535816?
True
Is 23505300 a multiple of 245?
True
Is 15 a factor of 826058?
False
Does 46 divide 5484488?
True
Does 16 divide 1841704?
False
Does 79 divide 130083?
False
Does 14 divide 910303?
False
Is 366676 a multiple of 116?
True
Does 20 divide 151680?
True
Does 5 divide 337210?
True
Is 107 a factor of 4272617?
True
Is 5 a factor of 4554646?
False
Is 64269 a mul